hen g is divided by 19.
16
Suppose 1 - 97 = -3*i. Let o(w) = 16*w - 3. What is the remainder when o(3) is divided by (-1 + 2)/(2/i)?
13
Let g = -163 + 4. Let f = 196 + g. Calculate the remainder when f is divided by 11.
4
Suppose 10653 = 59*p - 40*p + 2445. Calculate the remainder when 451 is divided by p.
19
Calculate the remainder when (264/165)/(1 - 428/430) is divided by 124.
96
Let t be (3/5)/(2/530). Suppose 5*u - 4*g = -0*g + 160, t = 4*u + 3*g. Suppose u - 144 = -9*q. Calculate the remainder when 16 is divided by q.
4
Suppose 5*v - 2*l = 51, -13 - 16 = -3*v + 2*l. What is the remainder when (-6329)/(-9) + 6/(-27) is divided by v?
10
Suppose 2*r + 271 = m, -3*m - 4*r + 570 = -223. Suppose -5*j + m = 3*h + 25, 4*j - 5*h - 164 = 0. Calculate the remainder when 365 is divided by j.
43
Let w = -34780 + 37898. What is the remainder when 9359 is divided by w?
5
Suppose -5*o = 5*j - 35, 0 = 2*o + 3*j - 18 + 2. What is the remainder when 377 is divided by o?
2
Suppose -90*t = -95*t + 105. Suppose 48 = d + t. Calculate the remainder when 35 is divided by d.
8
Let y(v) = -v**3 + 7*v**2 - v + 10. Let i be y(7). Let n = -3307 + 3328. Calculate the remainder when n is divided by (-1 + 1)/i + 12.
9
Suppose -3096 = -22*l + 3306. Calculate the remainder when l is divided by 203.
88
Let v(u) = 2*u**2 - 6*u + 17. Let q be 7 + 2 + 3 + -7 + 1. Calculate the remainder when v(q) is divided by 34.
19
Let b be (0 + 2/7)/(7/98). Suppose 0 = -3*z - b*h + 75 - 14, -5*z + 100 = 5*h. What is the remainder when 24 is divided by z?
5
Let m be ((-12)/10)/((-3)/(-15)). Let l be 0*(0 - (-3)/m). Suppose l = -2*i - 2*i + 20. What is the remainder when 18 is divided by i?
3
Let s = -10 + 14. Let c be 6/s*36/27 + 2. Suppose -2*t - a = t - 81, 0 = -3*t + c*a + 96. What is the remainder when t is divided by 11?
6
Let s be ((-8)/(-3))/(24/6300*5). Suppose -2*n = -4*q + s, -6*q + 4*q - 3*n + 70 = 0. Calculate the remainder when q is divided by 12.
11
Let y(m) = m**3 - 7*m**2 + 16*m + 31. Let c(z) = -7*z - 2. What is the remainder when y(3) is divided by c(-2)?
7
Suppose 4029 - 11251 = -23*u. What is the remainder when 1576 is divided by u?
6
Let s(k) be the first derivative of -k**2 + 47*k - 36. Calculate the remainder when s(-25) is divided by (-2)/(-6) - 100/(-15).
6
Suppose -3*i + 4*g + 8 = -0*g, -4*i - 5*g + 52 = 0. Let h = -5322 + 5384. Calculate the remainder when h is divided by i.
6
Let q(f) = f**2 + 7*f - 16. Let m be q(-8). Let y(n) = -n**3 - n**2 + 2*n. What is the remainder when ((-763)/m - 3) + (-3)/8 is divided by y(-3)?
8
Calculate the remainder when (-71464)/(-18) - (7424/(-288) + 26) is divided by 565.
15
Suppose 3*t - 19 + 7 = 0. Suppose 3*v + t*v = 560. Calculate the remainder when v is divided by (128 - 129)*(-1 + -40).
39
Let y = -29 + 143. Suppose -7*l = -40 - y. What is the remainder when 42 is divided by l?
20
Suppose 2*n = 3*h + 121, -3*n + 10*h + 149 = 12*h. What is the remainder when 899 is divided by n?
51
Let i = -1750 - -1845. Suppose 2*l = -1 - 3. Let w = 26 + l. What is the remainder when i is divided by w?
23
Let m(r) = -4*r**3 + 4*r**2 - 5*r - 5. What is the remainder when m(-4) is divided by 18/5*-5*40/(-30)?
23
Suppose -3*i + 3*m + 72 = 0, -4*i = -9*i - 4*m + 165. Suppose 23 = -f + i. Let x(k) = 4*k**3 + 2*k**2 + 5. Calculate the remainder when x(2) is divided by f.
3
Let u = 18229 + -16470. What is the remainder when u is divided by 252?
247
Let f(l) = l**3 + 16*l**2 + 15*l + 6. Let o be f(-15). Calculate the remainder when 166/o + (-4)/60*-5 is divided by 5.
3
Let f = 229 - 233. Let l = -123 + 183. Calculate the remainder when l is divided by (-16)/(-28) + 576/21 + f.
12
Suppose 132*i + 8*i = 3920. What is the remainder when 6159 is divided by i?
27
Let w be (-19)/(2 - (5 - 4)). Let n = 100 + w. Calculate the remainder when n is divided by (-1)/2*-8*7.
25
Let d(p) = -68*p**2 + 680*p + 11. What is the remainder when 7864 is divided by d(10)?
10
Let n = -2 - -3. Let z(d) = -43*d + 9 + 40*d + 36*d**2 - 3 - 4. What is the remainder when z(n) is divided by 19?
16
Let i = 855 + -293. Let j = i + -558. Calculate the remainder when j is divided by 3.
1
Suppose 29 = d - 0*d. Calculate the remainder when (-2700)/240*192/(-15) is divided by d.
28
Suppose 0 = -g + 4*m + 345, 3*g + 5*m - 619 - 484 = 0. Let r = -285 + g. Calculate the remainder when r is divided by 16.
12
Let a(l) be the first derivative of 12*l + 7 + 1/3*l**3 + 5/2*l**2. What is the remainder when a(-5) is divided by 5?
2
Suppose 0 = -o + 2*o - 5. Let g = 181 - 165. Calculate the remainder when g/(-24)*(-1 + 39/(-6)) is divided by o.
0
Let u(z) = -5*z + 14. Suppose 4*g - 439 = -5*o + 320, 0 = 3*o + 3*g - 453. What is the remainder when o is divided by u(-11)?
17
Let a(y) = 0*y + 9 - 2*y - 21. Let j be a(-7). Calculate the remainder when 61 is divided by 1032/132 + (-20)/11 + j.
5
Let t(j) = 2*j**2 - 52*j - 77. Let c be t(25). Let f = c + 149. Calculate the remainder when 61 is divided by f.
17
Let f(k) = -4991*k**3 - 2*k**2 + 18*k + 20. Calculate the remainder when f(-1) is divided by 12.
11
Suppose 102*o = 5*o + 1164. Calculate the remainder when 1593 is divided by o.
9
Let t(a) = -2*a**2 + 74*a - 155. What is the remainder when t(33) is divided by 23?
17
What is the remainder when 587 is divided by 44*3/5*(-195)/(-36)?
15
Suppose 37*x - 52*x = -7635. Calculate the remainder when x is divided by 57.
53
Let r(d) = -44*d**3 - 10*d**3 - 24*d**3 + d + d**2 - 2*d**2 + 1. What is the remainder when r(-1) is divided by 9?
5
Let c = 4623 - 4619. Calculate the remainder when 1823 is divided by c.
3
What is the remainder when 635 is divided by ((1070/50)/(18 + -19))/((-2)/10)?
100
Calculate the remainder when (-19)/((-608)/73528) - 3/(-12) is divided by 115.
113
Let z(a) = -26*a - 10. Let r(h) = -2*h - 15. Let m(y) = y + 7. Let t(w) = -13*m(w) - 6*r(w). Let k be t(0). What is the remainder when 76 is divided by z(k)?
12
Let y(z) = -7*z**3 + 5*z + 5. Let o = -146 + 144. Let g = 18 - 7. Calculate the remainder when y(o) is divided by g.
7
Suppose -2*c = -3*g + 2114, 4*c + c = 3*g - 2126. Let f = -575 + g. Calculate the remainder when f is divided by 32.
31
What is the remainder when -8 - (6 + -3309)/9 is divided by 118?
5
Let b(g) = -5*g**3 - 5*g + 12. Suppose -3*i - 156 = i. Let k = 30 - i. Calculate the remainder when k is divided by b(0).
9
Let r(s) = -3*s**2 - 1 + 11*s - 8*s + 16*s**2 + 14*s. Calculate the remainder when r(-3) is divided by 23.
19
Suppose -4*x - 132 + 652 = 0. Let v = x + -186. Let y = v - -91. What is the remainder when y is divided by 22?
13
Let c(b) be the first derivative of -b**4/2 - 5*b**3/3 + 5*b**2/2 + 9*b - 261. Calculate the remainder when c(-4) is divided by 14.
9
Let a be 52/18 + (-4)/(-36). Suppose -l - a = -14. Suppose s = 4*g - 0*s - 128, -4*g + 4*s = -128. Calculate the remainder when g is divided by l.
10
Let g be 2*49/14 - 5. Suppose 5*m = 3*x + 99, 13*m - 11*m = g*x + 38. Calculate the remainder when 27 is divided by m.
6
Calculate the remainder when 12735 is divided by 10/425 + (-52304)/(-2380).
19
Suppose 86*g - 82*g = 12, -4*s + 471 = g. Calculate the remainder when s is divided by 45.
27
Let s(g) = -267*g - 30387. Suppose -476 - 14 = -5*b. What is the remainder when b is divided by s(-114)?
47
Let q(m) = -m**2 + 22*m - 20. Suppose -a = -5*a + 804. Calculate the remainder when a is divided by q(17).
6
Let r = 31 - 9. Let p = r - 25. Let y = p - -5. Calculate the remainder when 6 is divided by y.
0
Suppose p = -3*c + 1357, 4*c + 4322 = 5*p - 2520. Suppose -1364*v = -p*v + 146. Calculate the remainder when v is divided by 20.
13
Let p(l) = -l**2 - 7*l. Let c be p(-2). Suppose 0 = w - 5*h - c, 5*h - 4*h + 4 = 0. What is the remainder when 20 is divided by 10/25 + (-56)/w?
2
Let f = 17639 + -13119. Calculate the remainder when f is divided by 133.
131
Let f = 7065 - 6888. Calculate the remainder when 339 is divided by f.
162
Let v = -34 - -54. Suppose 23*g - 9*g - 5*i - 1372 = 0, 0 = 3*g - 4*i - 294. What is the remainder when g is divided by v?
18
What is the remainder when 488 is divided by (3596/(-217) - -16)*(-48 - 1)?
12
Suppose 4*p = -2*s + 50, 4*s - 137 = -4*p - 41. What is the remainder when 134 is divided by s?
19
Let r = 400 - 377. Suppose -780